{"id":417,"date":"2015-06-23T21:40:19","date_gmt":"2015-06-23T20:40:19","guid":{"rendered":"http:\/\/suedosteuropaeische-hefte.org\/?page_id=417"},"modified":"2021-07-04T16:43:08","modified_gmt":"2021-07-04T16:43:08","slug":"for-authors","status":"publish","type":"page","link":"https:\/\/suedosteuropaeische-hefte.org\/?page_id=417","title":{"rendered":"Authors"},"content":{"rendered":"<p style=\"text-align: justify;\"><strong><span style=\"color: #800000;\">Author Guidelines<\/span><\/strong><br \/>\n<strong>General Information<\/strong><br \/>\nThe submitted contributions will be selected and reviewed by the editors of the journal (editorial review). All changes suggested by the editors are introduced only after being discussed with the authors. The edited final version of a contribution is being published only after the authorization by the author(s).<br \/>\nBoth the submission and the editing and reviewing of the contributions are free of charge. By submitting a contribution there is no entitlement to get it published.<br \/>\nS\u00fcdosteurop\u00e4ische Hefte is a full Open Access journal, which means that all content will be freely accessible online. All articles will be published under the following Creative Commons Licence: Attribution-NonCommercial-NoDerivs 3.0 Germany (CC BY-NC-ND 3.0 DE). All contributions published in the S\u00fcdosteurop\u00e4ische Hefte may be reproduced and printed for scientific purposes and personal use. The authors hold the copyright. The S\u00fcdosteurop\u00e4ische Hefte hold a non-exclusive exploitation right for the documents hosted at the homepage of the S\u00fcdosteurop\u00e4ische Hefte. All contents of the S\u00fcdosteurop\u00e4ische Hefte are Open-Access publications. According to the Berlin Declaration on Open Access to Knowledge in the Sciences and Humanities, the authors and rights holders of such publications grant to all users a free, irrevocable, worldwide, right of access to, and a license to copy, use, distribute, transmit and display the work publicly and to make and distribute derivative works, in any digital medium for any responsible purpose, subject to proper attribution of authorship (community standards, will continue to provide the mechanism for enforcement of proper attribution and responsible use of the published work, as they do now), as well as the right to make small numbers of printed copies for their personal use.<br \/>\nThe S\u00fcdosteurop\u00e4ische Hefte appear twice a year and publish an average of five contributions in every issue.<\/p>\n<p><strong>Manuscript guidelines<br \/>\n<\/strong><\/p>\n<p><a href=\"https:\/\/suedosteuropaeische-hefte.org\/wp-content\/uploads\/2015\/05\/manuscript-guidelines.pdf\" target=\"_blank\" rel=\"noopener\">Manuscript guidelines<\/a> (in English) can be downloaded as a PDF-file <a href=\"https:\/\/suedosteuropaeische-hefte.org\/wp-content\/uploads\/2015\/05\/manuscript-guidelines.pdf\" target=\"_blank\" rel=\"noopener\"><strong>here<\/strong><\/a>.<\/p>\n<p style=\"text-align: justify;\"><strong>Submission Preparation Checklist<\/strong><br \/>\nAs part of the submission process, authors are required to check off their submission&#8217;s compliance with all of the following items, and submissions may be returned to authors that do not adhere to these guidelines.<br \/>\nThe submission has not been previously published, nor is it before another journal for consideration.<br \/>\nThe submission file is in OpenOffice, Microsoft Word, RTF, or WordPerfect document file format.<br \/>\nWhere available, URLs for the references have been provided.<br \/>\nThe text is single-spaced; uses a 12-point font; employs italics, rather than underlining (except with URL addresses); and all illustrations, figures, and tables are placed within the text at the appropriate points, rather than at the end.<br \/>\nThe text adheres to the stylistic and bibliographic requirements outlined in the <a href=\"https:\/\/suedosteuropaeische-hefte.org\/wp-content\/uploads\/2015\/05\/manuscript-guidelines.pdf\" target=\"_blank\" rel=\"noopener\">Manuscript Guidelines<\/a>, which is found in About the Journal.<\/p>\n<p><strong>Copyright Notice<\/strong><br \/>\n<a href=\"http:\/\/creativecommons.org\/licenses\/by-nc-nd\/3.0\/de\/\" target=\"_blank\" rel=\"license noopener\"><img decoding=\"async\" src=\"http:\/\/i.creativecommons.org\/l\/by-nc-nd\/3.0\/de\/88x31.png\" alt=\"Creative Commons Lizenzvertrag\" \/><\/a><br \/>\nAll contents of the Online Journal <em>S\u00fcdosteurop\u00e4ische Hefte<\/em> are licenced under the <a href=\"http:\/\/creativecommons.org\/licenses\/by-nc-nd\/3.0\/de\/\" target=\"_blank\" rel=\"license noopener\">Creative Commons Namensnennung-NichtKommerziell-KeineBearbeitung 3.0 Deutschland Lizenz<\/a>.<br \/>\nThis is based on the contents of <a href=\"http:\/\/www.suedosteuropaeische-hefte.org\" rel=\"dct:source\">www.suedosteuropaeische-hefte.org<\/a>.<\/p>\n<p style=\"text-align: justify;\">All contributions published in the S\u00fcdosteurop\u00e4ische Hefte may be reproduced and printed for scientific purposes and personal use. The authors hold the copyright. The S\u00fcdosteurop\u00e4ische Hefte hold a non-exclusive exploitation right for the documents hosted at the homepage of the S\u00fcdosteurop\u00e4ische Hefte. All contents of the S\u00fcdosteurop\u00e4ische Hefte are Open-Access publications. According to the <a href=\"http:\/\/openaccess.mpg.de\/Berliner-Erklaerung\" target=\"_blank\" rel=\"noopener\">Berlin Declaration<\/a> on Open Access to Knowledge in the Sciences and Humanities, the authors and rights holders of such publications grant to all users a free, irrevocable, worldwide, right of access to, and a license to copy, use, distribute, transmit and display the work publicly and to make and distribute derivative works, in any digital medium for any responsible purpose, subject to proper attribution of authorship (community standards, will continue to provide the mechanism for enforcement of proper attribution and responsible use of the published work, as they do now), as well as the right to make small numbers of printed copies for their personal use.<\/p>\n<p><strong>Privacy Statement<\/strong><br \/>\nThe names and email addresses entered in this journal site will be used exclusively for the stated purposes of this journal and will not be made available for any other purpose or to any other party.<\/p>\n","protected":false},"excerpt":{"rendered":"<p>Author Guidelines General Information The submitted contributions will be selected and reviewed by the editors of the journal (editorial review). All changes suggested by the editors are introduced only after being discussed with the authors. The edited final version of a contribution is being published only after the authorization by the author(s). Both the submission &hellip; <a href=\"https:\/\/suedosteuropaeische-hefte.org\/?page_id=417\" class=\"more-link\"><span class=\"screen-reader-text\">Authors<\/span> weiterlesen <span class=\"meta-nav\">&rarr;<\/span><\/a><\/p>\n","protected":false},"author":1,"featured_media":0,"parent":52,"menu_order":1,"comment_status":"closed","ping_status":"closed","template":"","meta":{"footnotes":""},"class_list":["post-417","page","type-page","status-publish","hentry"],"_links":{"self":[{"href":"https:\/\/suedosteuropaeische-hefte.org\/index.php?rest_route=\/wp\/v2\/pages\/417","targetHints":{"allow":["GET"]}}],"collection":[{"href":"https:\/\/suedosteuropaeische-hefte.org\/index.php?rest_route=\/wp\/v2\/pages"}],"about":[{"href":"https:\/\/suedosteuropaeische-hefte.org\/index.php?rest_route=\/wp\/v2\/types\/page"}],"author":[{"embeddable":true,"href":"https:\/\/suedosteuropaeische-hefte.org\/index.php?rest_route=\/wp\/v2\/users\/1"}],"replies":[{"embeddable":true,"href":"https:\/\/suedosteuropaeische-hefte.org\/index.php?rest_route=%2Fwp%2Fv2%2Fcomments&post=417"}],"version-history":[{"count":1,"href":"https:\/\/suedosteuropaeische-hefte.org\/index.php?rest_route=\/wp\/v2\/pages\/417\/revisions"}],"predecessor-version":[{"id":953,"href":"https:\/\/suedosteuropaeische-hefte.org\/index.php?rest_route=\/wp\/v2\/pages\/417\/revisions\/953"}],"up":[{"embeddable":true,"href":"https:\/\/suedosteuropaeische-hefte.org\/index.php?rest_route=\/wp\/v2\/pages\/52"}],"wp:attachment":[{"href":"https:\/\/suedosteuropaeische-hefte.org\/index.php?rest_route=%2Fwp%2Fv2%2Fmedia&parent=417"}],"curies":[{"name":"wp","href":"https:\/\/api.w.org\/{rel}","templated":true}]}}