{"id":476,"date":"2012-04-26T11:02:20","date_gmt":"2012-04-26T11:02:20","guid":{"rendered":"http:\/\/suedosteuropaeische-hefte.org\/?p=476"},"modified":"2016-03-13T12:13:07","modified_gmt":"2016-03-13T12:13:07","slug":"autor_innen_1_1","status":"publish","type":"page","link":"https:\/\/suedosteuropaeische-hefte.org\/?page_id=476","title":{"rendered":"Autor_innen_1_1"},"content":{"rendered":"<p style=\"text-align: justify;\"><span style=\"color: #800000;\"><a style=\"color: #800000;\" href=\"https:\/\/suedosteuropaeische-hefte.org\/wp-content\/uploads\/2012\/04\/autor_innen.pdf\" target=\"_blank\"><strong>Autor_innen<\/strong><\/a><\/span><\/p>\n<p style=\"text-align: justify;\"><strong>Br\u010di\u0107, Ivan<\/strong><br \/>\nStudium am Osteuropa-Institut der Freien Universit\u00e4t Berlin und an der Universit\u00e4t Helsinki; Mitarbeiter am Interuniversit\u00e4ren Zentrum Berlin \/ Split; Arbeitsgebiete: Geschichte Jugoslawiens; Rechts- und Politikgeschichte; Politikwissenschaft; Internationale Beziehungen.<\/p>\n<p style=\"text-align: justify;\"><strong>Burmistr, Svetlana<\/strong><br \/>\nLinguistin und Politikwissenschaftlerin, Archivarin am Zentrum f\u00fcr Antisemitismusforschung. Dissertationsvorhaben zu Organisation, Sprache und Techniken der nationalsozialistischen Auslandspropaganda am Beispiel der \u201eMinsker Zeitung\u201c; Arbeitsgebiete: Geschichte des Nationalsozialismus; Holocaustforschung.<\/p>\n<p style=\"text-align: justify;\"><strong>Cvetkovi\u0107-Sander, Ksenija<\/strong><br \/>\nHistorikerin, \u00dcbersetzerin und Journalistin; 2009 Promotion an der Freien Universit\u00e4t Berlin zum Thema \u201eSprachpolitik und nationale Identit\u00e4t im sozialistischen Jugoslawien (1945-1991)\u201c; Arbeitsgebiete: Geschichte S\u00fcdosteuropas; insbesondere Nationsbildung, Nationalit\u00e4tenpolitik, Sprachen, Literatur, Kultur.<\/p>\n<p style=\"text-align: justify;\"><strong>Lichnofsky, Claudia<\/strong><br \/>\nWissenschaftliche Mitarbeiterin an der Professur f\u00fcr S\u00fcdosteurop\u00e4ische Geschichte der Justus-Liebig-Universit\u00e4t Gie\u00dfen; promoviert zur Entstehung neuer ethnischer Identifizierungen im Nachkriegs-Kosovo am Beispiel der Ashkali und Balkan-\u00c4gypter. Arbeitsgebiete: Geschichte Jugoslawiens, Konstruktion von Nationen und Ethnien, Homophobie, Antisemitismus.<\/p>\n<p style=\"text-align: justify;\"><strong>Lu\u010di\u0107, Robert<\/strong><br \/>\nForschungsstipendiat der Leibniz-Gemeinschaft im Rahmen des Internationalen Forschungs- und Vernetzungsprojektes \u00bbPhysische Gewalt und Herrschaftslegitimation im Sp\u00e4tsozialismus\u00ab am Zentrum f\u00fcr Zeithistorische Forschung (ZZF) in Potsdam; promoviert zur Frage lokaler Kriegs- und Herrschaftslegitimation in Serbien zu Beginn der 1990er Jahre; Arbeitsgebiete: Gewaltforschung, Herrschaftsanalyse, Kommunismusforschung, Nationalismusforschung, Politik- und Diplomatiegeschichte, Oral History.<\/p>\n<p style=\"text-align: justify;\"><strong>Meyn, Bojana<\/strong><br \/>\nDoktorandin am Lehrstuhl f\u00fcr S\u00fcdosteurop\u00e4ische Geschichte an der Humboldt-Universit\u00e4t Berlin; promoviert zum Thema \u201eAu\u00dfen- und Sicherheitspolitik auf dem Balkan: Tito, Griechenland und die westlichen M\u00e4chte w\u00e4hrend der 1950 Jahre\u201c; Stipendiatin der Friedrich-Ebert-Stiftung; Arbeitsgebiete: Geschichte Jugoslawiens und Griechenlands; Politikgeschichte; Internationale Beziehungen.<\/p>\n<p style=\"text-align: justify;\"><strong>Pavleski, Stefan<\/strong><br \/>\nPromoviert im Bereich Volkswirtschaftslehre an der Universit\u00e4t Potsdam zum Thema \u201eDie Arbeitslosigkeit in Mazedonien im Kontext des EU-Integrationsprozesses.\u201c Arbeitsgebiete: EU-Beitritt, EU-Integration, Arbeitslosigkeit, Handel, Globalisierung, Wirtschaftsgeschichte S\u00fcdosteuropas.<\/p>\n<p style=\"text-align: justify;\"><strong>Stojakovi\u0107, Krunoslav<\/strong><br \/>\nProjektmanager bei der Rosa-Luxemburg-Stiftung, Berlin; promoviert an der Universit\u00e4t Bielefeld zum Thema der Protestpraktiken innerhalb der k\u00fcnstlerischen Avantgarde im sozialistischen Jugoslawien; Arbeitsgebiete: Geschichte Jugoslawiens; Ideen- und Intellektuellengeschichte; Sozialgeschichte; Nationalismusforschung.<\/p>\n<p style=\"text-align: justify;\"><strong>Sundhaussen, Holm<\/strong><br \/>\nProfessor f\u00fcr S\u00fcdosteurop\u00e4ische Geschichte an der Freien Universit\u00e4t Berlin (i.R.); Arbeitsgebiete: Geschichte S\u00fcdosteuropas (Schwerpunkt: 19.\/20. Jahrhundert); insbesondere Nationsbildung und Nationalismus, Ethnische Konflikte; Wirtschafts- und Gesellschaftsgeschichte, Sozialer Wandel; Erinnerungskulturen.<\/p>\n<p style=\"text-align: justify;\"><strong>Toki\u0107, Ru\u017ea<\/strong><br \/>\nWissenschaftliche Mitarbeiterin am Geisteswissenschaftlichen Zentrum Geschichte und Kultur Ostmitteleuropas an der Universit\u00e4t Leipzig (GWZO) im Rahmen des Forschungsprojekts \u201ePost-Panslavismus: Slavizit\u00e4t, Slavische Idee und Antislavismus im 20. und 21. Jahrhundert\u201c; promoviert am Lehrstuhl f\u00fcr S\u00fcdosteurop\u00e4ische Geschichte der Humboldt-Universit\u00e4t zu Berlin zu griechisch-serbischen Beziehungsdiskursen in den 1990er Jahren; Arbeitsgebiete: nationale, religi\u00f6se und sprachliche Identit\u00e4ten in S\u00fcdosteuropa; griechisch-s\u00fcdslawische Kulturkontakte; Grenzforschung.<\/p>\n<p style=\"text-align: justify;\"><strong>Tomi\u0107, \u0110or\u0111e<\/strong><br \/>\nWissenschaftlicher Mitarbeiter an der Humboldt-Universit\u00e4t zu Berlin im Rahmen des Forschungsprojektes \u201ePhantomgrenzen in Ostmitteleuropa\u201c; promoviert zum Thema Alterit\u00e4tsdiskurse in der Vojvodina im Laufe der 1990er Jahre; Arbeitsgebiete: Geschichte Jugoslawiens; insbesondere Sozialgeschichte, soziale Bewegungen; Nationalismus, Diskursgeschichte.<\/p>\n<p style=\"text-align: justify;\"><strong>Vulesica, Marija<\/strong><br \/>\nWissenschaftliche Mitarbeiterin am Zentrum f\u00fcr Antisemitismusforschung an der Technischen Universit\u00e4t Berlin; 2011 Promotion zum Thema \u201eDie Formierung des politischen Antisemitismus in den Kronl\u00e4ndern Kroatien und Slawonien 1879 bis 1906\u201c; Arbeitsgebiete: Geschichte des Antisemitismus; Holocaustforschung und j\u00fcdische Geschichte in S\u00fcdosteuropa.<\/p>\n<p style=\"text-align: justify;\"><strong>Zsch\u00e4chner, Roland<\/strong><br \/>\nStudierte Ethnologie, Publizistik und Kommunikationswissenschaft und Politikwissenschaft an der Freien Universit\u00e4t Berlin und der Universit\u00e4t Belgrad. Arbeitsgebiete: Erinnerungsforschung, Ritualtheorie und Faschismusgeschichte.<\/p>\n","protected":false},"excerpt":{"rendered":"<p>Autor_innen Br\u010di\u0107, Ivan Studium am Osteuropa-Institut der Freien Universit\u00e4t Berlin und an der Universit\u00e4t Helsinki; Mitarbeiter am Interuniversit\u00e4ren Zentrum Berlin \/ Split; Arbeitsgebiete: Geschichte Jugoslawiens; Rechts- und Politikgeschichte; Politikwissenschaft; Internationale Beziehungen. Burmistr, Svetlana Linguistin und Politikwissenschaftlerin, Archivarin am Zentrum f\u00fcr Antisemitismusforschung. Dissertationsvorhaben zu Organisation, Sprache und Techniken der nationalsozialistischen Auslandspropaganda am Beispiel der \u201eMinsker Zeitung\u201c; &hellip; <a href=\"https:\/\/suedosteuropaeische-hefte.org\/?page_id=476\" class=\"more-link\"><span class=\"screen-reader-text\">Autor_innen_1_1<\/span> weiterlesen <span class=\"meta-nav\">&rarr;<\/span><\/a><\/p>\n","protected":false},"author":1,"featured_media":0,"parent":539,"menu_order":15,"comment_status":"closed","ping_status":"closed","template":"","meta":{"footnotes":""},"class_list":["post-476","page","type-page","status-publish","hentry"],"_links":{"self":[{"href":"https:\/\/suedosteuropaeische-hefte.org\/index.php?rest_route=\/wp\/v2\/pages\/476","targetHints":{"allow":["GET"]}}],"collection":[{"href":"https:\/\/suedosteuropaeische-hefte.org\/index.php?rest_route=\/wp\/v2\/pages"}],"about":[{"href":"https:\/\/suedosteuropaeische-hefte.org\/index.php?rest_route=\/wp\/v2\/types\/page"}],"author":[{"embeddable":true,"href":"https:\/\/suedosteuropaeische-hefte.org\/index.php?rest_route=\/wp\/v2\/users\/1"}],"replies":[{"embeddable":true,"href":"https:\/\/suedosteuropaeische-hefte.org\/index.php?rest_route=%2Fwp%2Fv2%2Fcomments&post=476"}],"version-history":[{"count":4,"href":"https:\/\/suedosteuropaeische-hefte.org\/index.php?rest_route=\/wp\/v2\/pages\/476\/revisions"}],"predecessor-version":[{"id":516,"href":"https:\/\/suedosteuropaeische-hefte.org\/index.php?rest_route=\/wp\/v2\/pages\/476\/revisions\/516"}],"up":[{"embeddable":true,"href":"https:\/\/suedosteuropaeische-hefte.org\/index.php?rest_route=\/wp\/v2\/pages\/539"}],"wp:attachment":[{"href":"https:\/\/suedosteuropaeische-hefte.org\/index.php?rest_route=%2Fwp%2Fv2%2Fmedia&parent=476"}],"curies":[{"name":"wp","href":"https:\/\/api.w.org\/{rel}","templated":true}]}}