{"id":584,"date":"2015-04-12T16:51:13","date_gmt":"2015-04-12T16:51:13","guid":{"rendered":"http:\/\/suedosteuropaeische-hefte.org\/?page_id=584"},"modified":"2021-07-04T16:44:29","modified_gmt":"2021-07-04T16:44:29","slug":"autor_innen-41","status":"publish","type":"page","link":"https:\/\/suedosteuropaeische-hefte.org\/?page_id=584","title":{"rendered":"Autor_innen (4\/1)"},"content":{"rendered":"<p style=\"text-align: justify;\"><span style=\"color: #800000;\"><a style=\"color: #800000;\" href=\"https:\/\/suedosteuropaeische-hefte.org\/wp-content\/uploads\/2015\/04\/autor_innen_sh-2015-4-1-12.pdf\" target=\"_blank\" rel=\"noopener\"><strong>Autor_innen<\/strong><\/a><\/span><\/p>\n<p style=\"text-align: justify;\"><strong>Blasius, Martin<\/strong><br \/>\nStudium der Geschichts- und der Politikwissenschaft in D\u00fcsseldorf sowie der Geschichtswissenschaft an der Humboldt-Universit\u00e4t zu Berlin. Promoviert derzeit an der Humboldt-Universit\u00e4t zu Berlin (Lehrstuhl f\u00fcr S\u00fcdosteurop\u00e4ische Geschichte) zum Fu\u00dfball im jugoslawischen Selbstverwaltungssozialismus. Arbeitsgebiete: Geschichte Jugoslawiens und sozialistischer Systeme; Sportgeschichte; Repr\u00e4sentationen, Loyalit\u00e4ten und Identifikationen.<\/p>\n<p style=\"text-align: justify;\"><strong>Buchenau, Klaus<\/strong><br \/>\nProfessor f\u00fcr Geschichte S\u00fcdost- und Osteuropas an der Universit\u00e4t Regensburg. Arbeitsgebiete: Religionsgeschichte S\u00fcdosteuropas, 19.-21. Jahrhundert; Religionsgeschichte der Tschechoslowakei; Antiwestlertum, Fundamentalismus in orthodoxen Kulturen S\u00fcdost- und Osteuropas; Geschichte Jugoslawiens und seiner Nachfolgestaaten; Geschichte der Korruption in S\u00fcdosteuropa; Beziehungen zwischen\u00a0 Russland\/Sowjetunion\u00a0 und\u00a0 S\u00fcdosteuropa,\u00a0 19.-20.\u00a0 Jahrhundert;\u00a0 Geschichte\u00a0 der\u00a0 russischen Emigration; S\u00fcdosteuropa im globalen Vergleich (insbesondere mit Lateinamerika).<\/p>\n<p style=\"text-align: justify;\"><strong>Grandits, Hannes<\/strong><br \/>\nProfessor f\u00fcr S\u00fcdosteurop\u00e4ische Geschichte an der Humboldt-Universit\u00e4t zu Berlin. Studium, Promotion (1996) und Habilitation (2006) im Fach S\u00fcdosteurop\u00e4ische Geschichte an der Universit\u00e4t Graz. Gastwissenschaftler\/wissenschaftlicher Mitarbeiter an der Universi\u00e4t Graz, dem Internationalen Forschungszentrum\u00a0 Kulturwissenschaften\u00a0 (IFK)\u00a0 in\u00a0 Wien,\u00a0 dem\u00a0 Max-Planck-Institut\u00a0 f\u00fcr ethnologische Forschung in Halle (Saale), dem Zentrum f\u00fcr Vergleichende Geschichte Europas (ZVGE) in Berlin. Lehre\u00a0 der\u00a0 S\u00fcdosteurop\u00e4ischen\u00a0 Geschichte\u00a0 an\u00a0 der Karl-Franzens-Universit\u00e4t Graz, der\u00a0 Universit\u00e4t Wien, der Ludwig-Maximilians-Universit\u00e4t M\u00fcnchen und der Humboldt-Universit\u00e4t zu Berlin. Leitung\u00a0 mehrerer Forschungsprojekte: \u201eKinship and Social Security in Europe\u201c (6. Rahmenprogramm der EU); \u201eTourism and Leisure Cultures in Socialist Yugoslavia\u201c (\u00d6sterr. Wissenschaftsfond \u2013 FWF); \u201eAmbiguous Nationbuilding in Southeastern Europe (VW-Stiftung\/FWF); seit 2011 \u201ePhantomgrenzen in\u00a0 Ostmitteleuropa\u201c\u00a0 (BMBF).\u00a0 Arbeitsgebiete:\u00a0 Sozialgeschichte;\u00a0 Nationalismusforschung; Kulturgeschichte; Alltagsgeschichte; historische Anthropologie; Familienforschung.<\/p>\n<p style=\"text-align: justify;\"><strong>Meyn, Bojana<\/strong><br \/>\nDoktorandin am Lehrstuhl f\u00fcr S\u00fcdosteurop\u00e4ische Geschichte an der Humboldt-Universit\u00e4t zu Berlin; promoviert zum Thema \u201eAu\u00dfen- und Sicherheitspolitik auf dem Balkan: Tito, Griechenland und die westlichen M\u00e4chte w\u00e4hrend der 1950 Jahre\u201c; Stipendiatin der Friedrich-Ebert-Stiftung; Arbeitsgebiete: Geschichte Jugoslawiens und Griechenlands; Politikgeschichte; Internationale Beziehungen.<\/p>\n<p style=\"text-align: justify;\"><strong>Nakazawa Takuya<\/strong><br \/>\nPromoviert derzeit am Institut f\u00fcr Area Studies der Universit\u00e4t Tokio, Japan zum Thema \u201eHistoriographie, Ethnogenese und Nationalismus im sozialistischen Montenegro\u201c; Forschungsstipendium an der Philosophischen Fakult\u00e4t der Universit\u00e4t Belgrad, Serbien; Arbeitsgebiete: Nationsbildung, Ideengeschichte, Wissenschaftsgeschichte, Geschichte des montenegrinischen Nationalismus im sozialistischen Jugoslawien.<\/p>\n<p style=\"text-align: justify;\"><strong>Raschke, Holger<\/strong><br \/>\nStudium der Soziologie an der Universit\u00e4t Potsdam; derzeit Masterstudent an der Hochschule\u00a0 f\u00fcr nachhaltige Entwicklung. Arbeitsgebiete: Sportsoziologie; Fu\u00dfballfankulturen; Jugend; Geschichte des Sozialismus.<\/p>\n<p style=\"text-align: justify;\"><strong>Tomi\u0107, \u0110or\u0111e<\/strong><br \/>\nWissenschaftlicher Mitarbeiter an der Humboldt-Universit\u00e4t zu Berlin (Lehrstuhl f\u00fcr S\u00fcdosteurop\u00e4ische Geschichte) im Rahmen des Forschungsprojektes \u201ePhantomgrenzen in Ostmitteleuropa\u201c; Promotion\u00a0 (2014) zur\u00a0 Geschichte\u00a0 Jugoslawiens\/der\u00a0 Vojvodina der 1980er und 1990er Jahre an der Humboldt-Universit\u00e4t zu Berlin. Studium der Osteuropastudien, Sozialwissenschaften und Germanistik an\u00a0 der Freien Universit\u00e4t Berlin, der Humboldt-Universit\u00e4t zu Berlin, der Universit\u00e4t in Novi Sad und der Martin-Luther-Universit\u00e4t Halle (Saale). Arbeitsgebiete: Geschichte Jugoslawiens; Sozialgeschichte; Geschichte sozialer Bewegungen; Nationalismus; Alltagsgeschichte; Stadtgeschichte.<\/p>\n<p style=\"text-align: justify;\"><strong>Zajc, Marko<\/strong><br \/>\nWissenschaftlicher Mitarbeiter am Institut f\u00fcr Zeitgeschichte der Universit\u00e4t Ljubljana; Leiter des Forschungsprojektes \u201eDas\u00a0 Ph\u00e4nomen\u00a0 Grenzfluss\u201c (gef\u00f6rdert\u00a0 von\u00a0 der Slowenischen\u00a0 Forschungsagentur,\u00a0 2014-2017);\u00a0 Fellow\u00a0 am\u00a0 Imre-Kert\u00e9sz-Kolleg an der\u00a0 Friedrich-Schiller-Universit\u00e4t\u00a0 Jena (2014);\u00a0 DAAD-Forschungsstipendium\u00a0 am\u00a0 Lehrstuhl\u00a0 f\u00fcr S\u00fcdosteurop\u00e4ische\u00a0 Geschichte der Humboldt-Universit\u00e4t zu Berlin (2013); Arbeitsgebiete: Geschichte Jugoslawiens, Jugoslawismus, Grenzen, Geschichte der Habsburgermonarchie, Geschichte des Nationalismus.<\/p>\n<p style=\"text-align: justify;\"><strong>Vulesica, Marija<\/strong><br \/>\nWissenschaftliche Mitarbeiterin am Zentrum f\u00fcr Antisemitismusforschung an der Technischen Universit\u00e4t Berlin; 2011 Promotion zum Thema \u201eDie Formierung des politischen Antisemitismus in den Kronl\u00e4ndern Kroatien und Slawonien 1879 bis 1906\u201c; Arbeitsgebiete: Geschichte des Antisemitismus; Holocaustforschung und j\u00fcdische Geschichte in S\u00fcdosteuropa.<\/p>\n","protected":false},"excerpt":{"rendered":"<p>Autor_innen Blasius, Martin Studium der Geschichts- und der Politikwissenschaft in D\u00fcsseldorf sowie der Geschichtswissenschaft an der Humboldt-Universit\u00e4t zu Berlin. Promoviert derzeit an der Humboldt-Universit\u00e4t zu Berlin (Lehrstuhl f\u00fcr S\u00fcdosteurop\u00e4ische Geschichte) zum Fu\u00dfball im jugoslawischen Selbstverwaltungssozialismus. Arbeitsgebiete: Geschichte Jugoslawiens und sozialistischer Systeme; Sportgeschichte; Repr\u00e4sentationen, Loyalit\u00e4ten und Identifikationen. Buchenau, Klaus Professor f\u00fcr Geschichte S\u00fcdost- und Osteuropas an &hellip; <a href=\"https:\/\/suedosteuropaeische-hefte.org\/?page_id=584\" class=\"more-link\"><span class=\"screen-reader-text\">Autor_innen (4\/1)<\/span> weiterlesen <span class=\"meta-nav\">&rarr;<\/span><\/a><\/p>\n","protected":false},"author":1,"featured_media":0,"parent":554,"menu_order":10,"comment_status":"closed","ping_status":"closed","template":"","meta":{"footnotes":""},"class_list":["post-584","page","type-page","status-publish","hentry"],"_links":{"self":[{"href":"https:\/\/suedosteuropaeische-hefte.org\/index.php?rest_route=\/wp\/v2\/pages\/584","targetHints":{"allow":["GET"]}}],"collection":[{"href":"https:\/\/suedosteuropaeische-hefte.org\/index.php?rest_route=\/wp\/v2\/pages"}],"about":[{"href":"https:\/\/suedosteuropaeische-hefte.org\/index.php?rest_route=\/wp\/v2\/types\/page"}],"author":[{"embeddable":true,"href":"https:\/\/suedosteuropaeische-hefte.org\/index.php?rest_route=\/wp\/v2\/users\/1"}],"replies":[{"embeddable":true,"href":"https:\/\/suedosteuropaeische-hefte.org\/index.php?rest_route=%2Fwp%2Fv2%2Fcomments&post=584"}],"version-history":[{"count":3,"href":"https:\/\/suedosteuropaeische-hefte.org\/index.php?rest_route=\/wp\/v2\/pages\/584\/revisions"}],"predecessor-version":[{"id":956,"href":"https:\/\/suedosteuropaeische-hefte.org\/index.php?rest_route=\/wp\/v2\/pages\/584\/revisions\/956"}],"up":[{"embeddable":true,"href":"https:\/\/suedosteuropaeische-hefte.org\/index.php?rest_route=\/wp\/v2\/pages\/554"}],"wp:attachment":[{"href":"https:\/\/suedosteuropaeische-hefte.org\/index.php?rest_route=%2Fwp%2Fv2%2Fmedia&parent=584"}],"curies":[{"name":"wp","href":"https:\/\/api.w.org\/{rel}","templated":true}]}}