{"id":638,"date":"2015-04-12T19:44:05","date_gmt":"2015-04-12T19:44:05","guid":{"rendered":"http:\/\/suedosteuropaeische-hefte.org\/?page_id=638"},"modified":"2016-03-05T18:35:10","modified_gmt":"2016-03-05T18:35:10","slug":"rezension-bethke-carl-2013-keine-gemeinsame-sprache-aspekte-deutsch-juedischer-beziehungsgeschichte-in-slawonien-1900-1945-muenster-lit-verlag-454-seiten-isbn-978-3-643-11754-0","status":"publish","type":"page","link":"https:\/\/suedosteuropaeische-hefte.org\/?page_id=638","title":{"rendered":"Rezension: Bethke, Carl (2013): (K)eine gemeinsame Sprache? Aspekte deutsch-j\u00fcdischer Beziehungsgeschichte in Slawonien, 1900-1945. M\u00fcnster: LIT-Verlag, 454 Seiten, ISBN 978-3-643-11754-0"},"content":{"rendered":"<p style=\"text-align: justify;\"><strong>Marija Vulesica<\/strong><br \/>\n<span style=\"color: #800000;\"><strong><a style=\"color: #800000;\" href=\"https:\/\/suedosteuropaeische-hefte.org\/wp-content\/uploads\/2015\/04\/vulesica_sh-2015-4-1-10.pdf\" target=\"_blank\">Bethke, Carl (2013): (K)eine gemeinsame Sprache? Aspekte deutsch-j\u00fcdischer Bezieh-ungsgeschichte in Slawonien, 1900-1945. M\u00fcnster: LIT-Verlag, 454 Seiten, ISBN 978-3-643-11754-0<\/a><\/strong><\/span><br \/>\n(als <span style=\"color: #800000;\"><a style=\"color: #800000;\" href=\"https:\/\/suedosteuropaeische-hefte.org\/wp-content\/uploads\/2015\/04\/vulesica_sh-2015-4-1-10.pdf\" target=\"_blank\">pdf-Datei<\/a><\/span> herunterladen)<\/p>\n<p style=\"text-align: justify;\"><strong>Zitation<\/strong><br \/>\nVulesica, Marija (2015): Bethke, Carl (2013): (K)eine gemeinsame Sprache? Aspekte deutsch-j\u00fcdischer Beziehungsgeschichte in Slawonien, 1900-1945. M\u00fcnster: LIT-Verlag, 454 Seiten, ISBN 978-3-643-11754-0. In: <em>S\u00fcdosteurop\u00e4ische Hefte<\/em> 4 (1), S. 143\u2013144.<\/p>\n<p><em>Persistent Identifier (PID)<\/em>: <span style=\"color: #800000;\"><a style=\"color: #800000;\" href=\"http:\/\/nbn-resolving.de\/urn:nbn:de:0168-ssoar-427349\" target=\"_blank\">http:\/\/nbn-resolving.de\/urn:nbn:de:0168-ssoar-427349<\/a><\/span><\/p>\n","protected":false},"excerpt":{"rendered":"<p>Marija Vulesica Bethke, Carl (2013): (K)eine gemeinsame Sprache? Aspekte deutsch-j\u00fcdischer Bezieh-ungsgeschichte in Slawonien, 1900-1945. M\u00fcnster: LIT-Verlag, 454 Seiten, ISBN 978-3-643-11754-0 (als pdf-Datei herunterladen) Zitation Vulesica, Marija (2015): Bethke, Carl (2013): (K)eine gemeinsame Sprache? Aspekte deutsch-j\u00fcdischer Beziehungsgeschichte in Slawonien, 1900-1945. M\u00fcnster: LIT-Verlag, 454 Seiten, ISBN 978-3-643-11754-0. In: S\u00fcdosteurop\u00e4ische Hefte 4 (1), S. 143\u2013144. Persistent Identifier (PID): &hellip; <a href=\"https:\/\/suedosteuropaeische-hefte.org\/?page_id=638\" class=\"more-link\"><span class=\"screen-reader-text\">Rezension: Bethke, Carl (2013): (K)eine gemeinsame Sprache? Aspekte deutsch-j\u00fcdischer Beziehungsgeschichte in Slawonien, 1900-1945. M\u00fcnster: LIT-Verlag, 454 Seiten, ISBN 978-3-643-11754-0<\/span> weiterlesen <span class=\"meta-nav\">&rarr;<\/span><\/a><\/p>\n","protected":false},"author":1,"featured_media":0,"parent":554,"menu_order":9,"comment_status":"closed","ping_status":"closed","template":"","meta":{"footnotes":""},"class_list":["post-638","page","type-page","status-publish","hentry"],"_links":{"self":[{"href":"https:\/\/suedosteuropaeische-hefte.org\/index.php?rest_route=\/wp\/v2\/pages\/638","targetHints":{"allow":["GET"]}}],"collection":[{"href":"https:\/\/suedosteuropaeische-hefte.org\/index.php?rest_route=\/wp\/v2\/pages"}],"about":[{"href":"https:\/\/suedosteuropaeische-hefte.org\/index.php?rest_route=\/wp\/v2\/types\/page"}],"author":[{"embeddable":true,"href":"https:\/\/suedosteuropaeische-hefte.org\/index.php?rest_route=\/wp\/v2\/users\/1"}],"replies":[{"embeddable":true,"href":"https:\/\/suedosteuropaeische-hefte.org\/index.php?rest_route=%2Fwp%2Fv2%2Fcomments&post=638"}],"version-history":[{"count":5,"href":"https:\/\/suedosteuropaeische-hefte.org\/index.php?rest_route=\/wp\/v2\/pages\/638\/revisions"}],"predecessor-version":[{"id":643,"href":"https:\/\/suedosteuropaeische-hefte.org\/index.php?rest_route=\/wp\/v2\/pages\/638\/revisions\/643"}],"up":[{"embeddable":true,"href":"https:\/\/suedosteuropaeische-hefte.org\/index.php?rest_route=\/wp\/v2\/pages\/554"}],"wp:attachment":[{"href":"https:\/\/suedosteuropaeische-hefte.org\/index.php?rest_route=%2Fwp%2Fv2%2Fmedia&parent=638"}],"curies":[{"name":"wp","href":"https:\/\/api.w.org\/{rel}","templated":true}]}}