{"id":892,"date":"2012-04-27T11:17:29","date_gmt":"2012-04-27T11:17:29","guid":{"rendered":"http:\/\/suedosteuropaeische-hefte.org\/?page_id=892"},"modified":"2016-03-13T11:24:18","modified_gmt":"2016-03-13T11:24:18","slug":"stefan-pavleski-die-arbeitslosigkeit-in-mazedonien-herausforderungen-fuer-eine-reale-beitritts-und-integrationspolitik-der-eu","status":"publish","type":"page","link":"https:\/\/suedosteuropaeische-hefte.org\/?page_id=892","title":{"rendered":"Stefan Pavleski: Die Arbeitslosigkeit in Mazedonien. Herausforderungen f\u00fcr eine reale Beitritts- und Integrationspolitik der EU"},"content":{"rendered":"<p><strong>Stefan Pavleski<\/strong><br \/>\n<span style=\"color: #800000;\"><a style=\"color: #800000;\" href=\"https:\/\/suedosteuropaeische-hefte.org\/wp-content\/uploads\/2012\/04\/pavleski.pdf\" target=\"_blank\"><strong>Die Arbeitslosigkeit in Mazedonien. Herausforderungen f\u00fcr eine reale Beitritts- und Integrationspolitik der EU<\/strong><\/a><\/span><br \/>\n(als <span style=\"color: #800000;\"><a style=\"color: #800000;\" href=\"https:\/\/suedosteuropaeische-hefte.org\/wp-content\/uploads\/2012\/04\/pavleski.pdf\" target=\"_blank\">pdf-Datei<\/a><\/span> herunterladen)<\/p>\n<p><strong>Zitation<\/strong><br \/>\nPavleski, Stefan (2012): Die Arbeitslosigkeit in Mazedonien. Herausforderungen f\u00fcr eine reale Beitritts- und Integrationspolitik der EU. In: <em>S\u00fcdosteurop\u00e4ische Hefte<\/em> 1 (1), S. 32\u201341.<\/p>\n<p><em>Persistent Identifier (PID)<\/em>: <span style=\"color: #800000;\"><a style=\"color: #800000;\" href=\"http:\/\/nbn-resolving.de\/urn:nbn:de:0168-ssoar-314483\" target=\"_blank\">http:\/\/nbn-resolving.de\/urn:nbn:de:0168-ssoar-314483<\/a><\/span><\/p>\n","protected":false},"excerpt":{"rendered":"<p>Stefan Pavleski Die Arbeitslosigkeit in Mazedonien. Herausforderungen f\u00fcr eine reale Beitritts- und Integrationspolitik der EU (als pdf-Datei herunterladen) Zitation Pavleski, Stefan (2012): Die Arbeitslosigkeit in Mazedonien. Herausforderungen f\u00fcr eine reale Beitritts- und Integrationspolitik der EU. In: S\u00fcdosteurop\u00e4ische Hefte 1 (1), S. 32\u201341. Persistent Identifier (PID): http:\/\/nbn-resolving.de\/urn:nbn:de:0168-ssoar-314483<\/p>\n","protected":false},"author":1,"featured_media":0,"parent":539,"menu_order":3,"comment_status":"closed","ping_status":"closed","template":"","meta":{"footnotes":""},"class_list":["post-892","page","type-page","status-publish","hentry"],"_links":{"self":[{"href":"https:\/\/suedosteuropaeische-hefte.org\/index.php?rest_route=\/wp\/v2\/pages\/892","targetHints":{"allow":["GET"]}}],"collection":[{"href":"https:\/\/suedosteuropaeische-hefte.org\/index.php?rest_route=\/wp\/v2\/pages"}],"about":[{"href":"https:\/\/suedosteuropaeische-hefte.org\/index.php?rest_route=\/wp\/v2\/types\/page"}],"author":[{"embeddable":true,"href":"https:\/\/suedosteuropaeische-hefte.org\/index.php?rest_route=\/wp\/v2\/users\/1"}],"replies":[{"embeddable":true,"href":"https:\/\/suedosteuropaeische-hefte.org\/index.php?rest_route=%2Fwp%2Fv2%2Fcomments&post=892"}],"version-history":[{"count":1,"href":"https:\/\/suedosteuropaeische-hefte.org\/index.php?rest_route=\/wp\/v2\/pages\/892\/revisions"}],"predecessor-version":[{"id":896,"href":"https:\/\/suedosteuropaeische-hefte.org\/index.php?rest_route=\/wp\/v2\/pages\/892\/revisions\/896"}],"up":[{"embeddable":true,"href":"https:\/\/suedosteuropaeische-hefte.org\/index.php?rest_route=\/wp\/v2\/pages\/539"}],"wp:attachment":[{"href":"https:\/\/suedosteuropaeische-hefte.org\/index.php?rest_route=%2Fwp%2Fv2%2Fmedia&parent=892"}],"curies":[{"name":"wp","href":"https:\/\/api.w.org\/{rel}","templated":true}]}}